?
-13
What is 3 + (-2 - (5 + -4)) - (43 + -42)?
-1
Calculate 0 - (-3 - -2) - (5 - -7 - 2).
-9
Evaluate 0 - 36 - (145 - 212).
31
What is the value of -4 - 3 - (-21 + 26 + (-1 - 0))?
-11
(-30 - -17) + (3 - (-3 + 7))
-14
What is 13 + -13 + -7 + (-2 - 0) + -3?
-12
Evaluate 4 + (15 - 27) + (-7 - -20 - -2).
7
What is 9 - (11 + 3) - -4 - 3?
-4
(14 - -3) + -7 + (-1 - 6) + 4
7
Calculate (18 + -4 - 3) + (0 + -2 - -4).
13
Evaluate (5 - (7 + -7 + -4)) + 3 - -7.
19
What is the value of -17 - ((-4 - 7) + (1 - -3) - -4)?
-14
What is -8 + 29 + (8 - -1 - 18)?
12
Calculate (-9 - (-3 + -3)) + (1 - (4 - -1)).
-7
55 - 48 - (1 + (2 - 4)) - 11
-3
What is 2 - (-2 - ((-3 - (3 - 3)) + -2))?
-1
Evaluate -25 + 0 - (206 + -217).
-14
Calculate 6 - (-1 + 8 - (15 + -7)).
7
Evaluate -307 + 321 + -1 + -8 - -14.
19
Evaluate -1 - (-28 + 16 + 4).
7
What is (-42 - (-5 - -3)) + -232 + 245?
-27
Calculate 17 - (-10 + (-3 - (2 - 5)) + 6).
21
Calculate (29 - (30 + -21)) + (1 - (2 + 1)).
18
What is 19 - (-4 + (-8 - (-19 - -4)))?
16
-40 - (-29 + (3 - -21 - 9))
-26
Evaluate 14 + -12 + 8 + -10.
0
Calculate (-14 + 5 - -5) + (-3 + 19 - -1).
13
What is the value of (-10 - (12 - 16)) + -1?
-7
What is 3 + (-13 - (5 - 7)) + 3?
-5
Evaluate (-14 - -8) + (-6 - -7 - (2 - 14)).
7
26 + -26 - (-2 + 11 + 1)
-10
Calculate -2 + ((4 - -6) + 1 - (-1 + 7)).
3
What is 994 - 1005 - ((-1 - -1) + 1 - 4)?
-8
20 + -7 - (1 + -1 - 0)
13
Evaluate -3 - (-1 - 12) - 3.
7
What is the value of -1 + -12 + 2 - (40 + -8 - 24)?
-19
What is 8 + ((-13 - -7) + 13 - (33 + -1))?
-17
Calculate (-27 - -13) + 26 + 0 + 1.
13
Evaluate (-6 - (14 - 8 - 17)) + (-15 - -1).
-9
What is -9 + -3 - (-1 - 2) - 5 - -4?
-10
What is -20 - (-15 - (26 + -21))?
0
Evaluate -4 - (2 - 13 - (2 + (-20 - -16))).
5
Calculate -46 + 30 - (-28 - 2).
14
What is the value of (14 - (-16 + 32)) + -6 + 4?
-4
Calculate (-16 - -28 - 13) + (0 - 2).
-3
What is 10 - (14 + -15) - 7?
4
What is 1 - 4 - (200 + -218) - (-2 + -1)?
18
What is the value of 27 - 16 - (-22 + 53)?
-20
Calculate -8 + (17 - (1 + 27)) + (-1 - -3).
-17
3 - (-14 + (9 - 4))
12
What is (-45 - -22) + 55 + -64?
-32
-10 + -1 + 2 - (-46 + 43)
-6
-9 + (-4 - -3 - (6 - 5))
-11
Calculate -8 + -11 + (-1 - -8) + 6.
-6
(58 - 99) + (17 - 0) + -2
-26
What is -10 - (-1 + -4 + -25 + 37)?
-17
What is ((-2 - 1) + -4 - -2) + -1 + -1?
-7
(-24 - -6) + 5 + 8 - (22 + -2)
-25
12 + (-31 - 1) + -3 + 14 + 1
-8
What is -8 + (7 - (5 - 9 - -9)) + 6?
0
What is (9 - (-4 - -8)) + 1 + -1?
5
-3 - ((1 - -15) + -12)
-7
What is the value of 11 + (5 - (-5 + 30))?
-9
Calculate -7 - 1 - ((13 - -4 - 11) + -14).
0
What is 6 - (2 - 6 - -13 - -1)?
-4
Calculate -21 - (6 - (33 - (8 + 7))).
-9
-2 - (1 - (4 + 1) - (-10 - -13))
5
7 - ((7 - (8 + -8)) + -5)
5
(4 - (3 + 14)) + (62 - 49)
0
Calculate 1 + -8 + -1 + (-57 + 29 - -23).
-13
Calculate 94 + -91 - ((-18 - 6) + -4 - -3).
28
Calculate 86 - (11 + 81) - (0 - 0 - 33).
27
What is the value of 44 - (-27 + 49) - -10?
32
-17 + 50 + -24 - (0 - 2)
11
Calculate (-1 - (-38 + 16)) + -12.
9
Calculate 1 + -11 + 20 + (1 - 1) + -6.
4
What is the value of -7 - 1 - ((21 - 24) + (3 - -2))?
-10
What is 5 + (12 + -6 + -16 - -3)?
-2
(5 - (1 - 13) - 13) + -29
-25
What is 13 + 6 + (-34 - -21)?
6
Evaluate 37 + -57 + (-1 - -10).
-11
What is the value of -7 - (-35 - -9 - -26)?
-7
What is the value of -7 - (1 + 2) - -3 - 3?
-10
Evaluate (1 - -6) + (-17 - (-10 + -22)).
22
Evaluate 3 - ((107 - 111) + (-1 - -15)).
-7
What is the value of -19 + (-4 - -10 - -15)?
2
What is -1 + (0 - 0) - (-484 + 490)?
-7
What is the value of (-11 - -1) + (-19 - -21) + (-10 - -2)?
-16
11 + -6 + (-4 - -6)
7
What is the value of 6 - (-3 + 18 + (40 - 46))?
-3
What is -20 + (5 - (-6 - 0))?
-9
Calculate 22 - 9 - -27 - (6 - 4).
38
Calculate -33 - ((4 - 11) + 5 - 0).
-31
What is -15 - (-9 + (-19 - -12))?
1
Evaluate 13 + -65 + (52 - 22).
-22
What is 4 - (-12 + 21 + -12 - (1 + -5))?
3
Evaluate 9 + -11 - -5 - (16 + -2 - 2).
-9
Evaluate 3 - (3 - 0) - (-25 + 15).
10
Calculate 7 - (3 + 6) - (-2 + 1) - -6.
5
What is the value of -36 - (-13 + (17 - 36) + 14)?
-18
What is the value of (0 - 8 - (-18 - 1 - -19)) + 9?
1
Evaluate (-47 + 53 - (-7 - -2)) + -5.
6
What is -25 + (8 - ((-9 - -21) + -10 + 2))?
-21
What is 6 + (-21 - -9) - (-3 - -7)?
-10
Evaluate (-4 - -7) + -5 - -10 - 3.
5
What is the value of -33 + 14 + 5 + 3?
-11
What is (-3 - 5) + (-20 - -10) + -9?
-27
Evaluate 1 - 16 - (-1471 + 1481).
-25
What is the value of -15 + 39 + 0 + -32?
-8
-12 - (-15 + -3) - -11
17
Evaluate 22 - (-12 + 30) - -1.
5
What is 1 + -5 + 3 + (-1 - -6 - 9)?
-5
What is 4 - 6 - 30 - (20 + -52 - -21)?
-21
What is the value of 5 + (18 - 8 - 3)?
12
Calculate -3 - (9 - (9 - 5) - 10 - -4).
-2
What is the value of 21 + (24 - 12) + -20?
13
(0 - 9) + (-5 - -23)
9
What is the value of -416 - -407 - (2 - 8)?
-3
Calculate 5 - 7 - -1 - (36 - 25).
-12
What is 1 + -4 + 7 - 2 - 0?
2
What is (-14 - (-16 + 6)) + -6 + -2?
-12
What is the value of (16 - (18 - 3)) + (-2 - (10 - -6))?
-17
What is -15 + (-2 - -9) + -3 + 0?
-11
What is the value of (1 + -1 - ((-9 - -4) + 8)) + 12?
9
4 - ((13 - 21) + 7 + 1 + 2)
2
2 + -3 - (1 + -6 + 7 + -13)
10
Evaluate 1 - ((-24 - -9 - -9) + 2).
5
What is the value of 6 + 0 - 3 - (8 + 25 - 25)?
-5
Calculate -2 - (-12 + (5 - -2)) - 4 - 0.
-1
What is the value of 8 + -5 + -3 - (-7 + 3 + 6)?
-2
Calculate (-25 - (2 - 1)) + 338 + -336 - 3.
-27
27 + -3 + 2 - (-7 + 13 + 2)
18
What is (27 - 0) + (28 - (-33 - -63))?
25
What is the value of 9 - 15 - (-18 + 2 + 1)?
9
Evaluate 0 - (0 + 2 - 19) - (-107 - -109).
15
What is the value of 1 + 1 - (-12 + -9 + 10 - -20)?
-7
What is 5 + (-36 - -38) + (0 - 22)?
-15
Calculate 38 + -70 + -10 - -31.
-11
What is 4 + -7 + 11 + -8?
0
Calculate -9 + -8 + 16 + -12 - (0 + -4).
-9
What is -2 + 1 + 8 - (121 - 121)?
7
Evaluate -1 - 5 - (1 + 7 + 80 + -84).
-10
13 + -22 + (-1 - 3 - (7 + -16))
-4
What is 8 - -1 - (19 + 4 + -16)?
2
What is -19 + 3 + 2 + 0 + -1 + 5?
-10
Evaluate -6 - (-65 + -14 + 46).
27
Evaluate -10 + (29 - 27) + -10.
-18
(-3 - 3) + -7 + 10
-3
What is 16 - (-2 + -3 + 20 + -5)?
6
Evaluate 16 - -1 - (339 - 350).
28
What is (-37 + 17 - -18) + (0 - -1)?
-1
What is 7 + (-1 - (9 - (-2 - -5))) + -11?
-11
14 + 0 + (-3 - (-11 + 0)) + -6
16
Evaluate 1 - ((109 - 109) + (0 - 0)).
1
Calculate (1 - 33) + -1 + 11 + 8.
-14
What is the value of 15 - ((12 - 1) + 14) - (4 - -1)?
-15
5 + -38 - (-84 + 24)
27
Evaluate -3 - (1 - 1) - (0 + 2 + -2).
-3
What is (-6 - (1 - 2)) + 6 + -1 + 11?
11
What is (19 - 10 - 3) + 0 + -2 + -2?
2
What is -25 - (-26 + (4 - 15))?
12
Calculate 9 + 8 + -18 + 20 + 6.
25
9 + -9 + (-4 + 4 + 23 - 6)
17
-21 - (-24 + -15 - -35)
-17
-16 - (12 + -40 + 13) - (2 - 21)
18
What is (22 - 5) + -52 + 36?
1
Evaluate 14 - 4 - (-6 + 44).
-28
What is 4 - 0 - -15 - 7?
12
Calculate (-1 + 7 - (-3 + 8)) + 11 + -9.
3
Calculate -47 + 62 - 21 - (-1 + 22).
-27
Calculate -14 - (-15 + -2) - ((2 - 4) + -1).
6
What is the value of (3 - -1) + (6 - -4 - (3 + 6))?
5
Evaluate 7 + (-10 - (-3 + -8 - -7)).
1
Calculate 4 - (0 - ((-6 - -8) + -2)).
4
Calculate 39 + -20 - ((-8 + 5 - -2) + 9).
11
Evaluate -15 + (1 + 4 - (-2 - -2)).
-10
What is -2 - (2 - 3) - (7 + (-22 - -5))?
9
What is the value of 19 + -14 + 40 + -12 + -23?
10
What is the value of (1 - 1) + (1 - -2 - (7 - 6))?
2
Evaluate 5 + (3 - 0) + -208 + 217.
17
4 - 6 - -15 - 5 - (-165 - -171)
2
What is the value of 47 - 58 - (-2 - 4 - 3)?
-2
(27 + 3 - -7) + -22
15
-6 - (-7 + 2 - (-23 - -45)) - 10
11
What is the value of 9 + 1 - (593 + -617)?
34
What is -1 + 1 - (-3 + -34 - -27)?
10
Evaluate -11 + -1 - (-8 - 12).
8
What is -1 - -21 - (1 + 19 + -45 + 30)?
15
What is the value of -51 + 63 + -25 + 25?
12
Calculate (16 - 32) + 43 - -6.
33
Calculate -12 + 4 - ((11 - 8) + -4 + 15).
-22
What is the value of (-1 + 16 - -4) + -34?
-15
What is (-1 - 14) + -21 + 28?
-8
Evaluate 1 + -10 + 11 + -33 + (10 - 6).
-27
What is 1 + 4 + (-16 - (-9 + -6))?
4
What is 2 + -4 - 14 - (2 + 13)?
-31
33 - (0 + 5 + 0 + 2 + 1)
25
536 + -526 - (1 - -48)
-39
Evaluate 12 - (-10 - (-9 + 10) - -30).
-7
What is the value of 1 + (3 - 2 - 2) + (24 - 12)?
12
Evaluate 36 + -27 - (-3 + 3 - (11 - -1)).
21
Calculate 6 - 3 - (-4 - (-12 - -6) - 5).
6
What is the value of (12 - -2) + -57 + 46?
3
Calculate -7 - (-1 + 2 - (4 + 9)).
5
What is the value of 6 - (-7 - (-1 - 3))?